{"id":400,"date":"2022-07-12T23:01:56","date_gmt":"2022-07-12T21:01:56","guid":{"rendered":"http:\/\/www.domainederegain.fr\/?page_id=400"},"modified":"2023-01-11T18:32:17","modified_gmt":"2023-01-11T17:32:17","slug":"nous-rejoindre","status":"publish","type":"page","link":"https:\/\/www.domainederegain.fr\/?page_id=400","title":{"rendered":"Nous rejoindre&#8230;"},"content":{"rendered":"\n<div class=\"wp-block-columns is-layout-flex wp-container-core-columns-is-layout-9d6595d7 wp-block-columns-is-layout-flex\">\n<div class=\"wp-block-column is-layout-flow wp-block-column-is-layout-flow\" style=\"flex-basis:33.33%\">\n<figure class=\"wp-block-image size-full is-resized\"><img decoding=\"async\" src=\"http:\/\/www.domainederegain.fr\/wp-content\/uploads\/2023\/01\/noun-high-speed-train-1088320.png\" alt=\"\" class=\"wp-image-487\" width=\"129\" height=\"129\" srcset=\"https:\/\/www.domainederegain.fr\/wp-content\/uploads\/2023\/01\/noun-high-speed-train-1088320.png 875w, https:\/\/www.domainederegain.fr\/wp-content\/uploads\/2023\/01\/noun-high-speed-train-1088320-300x300.png 300w, https:\/\/www.domainederegain.fr\/wp-content\/uploads\/2023\/01\/noun-high-speed-train-1088320-150x150.png 150w, https:\/\/www.domainederegain.fr\/wp-content\/uploads\/2023\/01\/noun-high-speed-train-1088320-768x768.png 768w, https:\/\/www.domainederegain.fr\/wp-content\/uploads\/2023\/01\/noun-high-speed-train-1088320-400x400.png 400w\" sizes=\"(max-width: 129px) 100vw, 129px\" \/><\/figure>\n<\/div>\n\n\n\n<div class=\"wp-block-column is-layout-flow wp-block-column-is-layout-flow\" style=\"flex-basis:66.66%\">\n<p>Domaine de Regain se trouve \u00e0 une heure d&rsquo;Avignon TGV ainsi que d&rsquo;Aix TGV.<br>Il existe des navettes entre Avignon TGV et Apt, nous pouvons venir vous r\u00e9cup\u00e9rer ensuite.<\/p>\n\n\n\n<p><\/p>\n\n\n\n<p><\/p>\n<\/div>\n<\/div>\n\n\n\n<div class=\"wp-block-columns is-layout-flex wp-container-core-columns-is-layout-9d6595d7 wp-block-columns-is-layout-flex\">\n<div class=\"wp-block-column is-layout-flow wp-block-column-is-layout-flow\" style=\"flex-basis:33.33%\">\n<figure class=\"wp-block-image size-full is-resized\"><img decoding=\"async\" src=\"http:\/\/www.domainederegain.fr\/wp-content\/uploads\/2023\/01\/noun-charging-station-4768255.png\" alt=\"\" class=\"wp-image-488\" width=\"151\" height=\"151\" srcset=\"https:\/\/www.domainederegain.fr\/wp-content\/uploads\/2023\/01\/noun-charging-station-4768255.png 875w, https:\/\/www.domainederegain.fr\/wp-content\/uploads\/2023\/01\/noun-charging-station-4768255-300x300.png 300w, https:\/\/www.domainederegain.fr\/wp-content\/uploads\/2023\/01\/noun-charging-station-4768255-150x150.png 150w, https:\/\/www.domainederegain.fr\/wp-content\/uploads\/2023\/01\/noun-charging-station-4768255-768x768.png 768w, https:\/\/www.domainederegain.fr\/wp-content\/uploads\/2023\/01\/noun-charging-station-4768255-400x400.png 400w\" sizes=\"(max-width: 151px) 100vw, 151px\" \/><\/figure>\n<\/div>\n\n\n\n<div class=\"wp-block-column is-layout-flow wp-block-column-is-layout-flow\" style=\"flex-basis:66.66%\">\n<p>Domaine de Regain est \u00e9quip\u00e9 d&rsquo;une borne de recharge rapide pour les v\u00e9hicules \u00e9lectriques. Cette borne est aliment\u00e9e par des panneaux photovolta\u00efques, s&rsquo;inscrivant ainsi dans notre d\u00e9marche d&rsquo;autonomie \u00e9nerg\u00e9tique.<\/p>\n<\/div>\n<\/div>\n\n\n\n<figure class=\"wp-block-image size-large\"><img fetchpriority=\"high\" decoding=\"async\" width=\"967\" height=\"1024\" src=\"http:\/\/www.domainederegain.fr\/wp-content\/uploads\/2022\/07\/PLAN-SITUATION-IGN-967x1024.jpg\" alt=\"\" class=\"wp-image-401\" srcset=\"https:\/\/www.domainederegain.fr\/wp-content\/uploads\/2022\/07\/PLAN-SITUATION-IGN-967x1024.jpg 967w, https:\/\/www.domainederegain.fr\/wp-content\/uploads\/2022\/07\/PLAN-SITUATION-IGN-283x300.jpg 283w, https:\/\/www.domainederegain.fr\/wp-content\/uploads\/2022\/07\/PLAN-SITUATION-IGN-768x814.jpg 768w, https:\/\/www.domainederegain.fr\/wp-content\/uploads\/2022\/07\/PLAN-SITUATION-IGN.jpg 1128w\" sizes=\"(max-width: 967px) 100vw, 967px\" \/><\/figure>\n","protected":false},"excerpt":{"rendered":"<p>Domaine de Regain se trouve \u00e0 une heure d&rsquo;Avignon TGV ainsi que d&rsquo;Aix TGV.Il existe des navettes entre Avignon TGV et Apt, nous pouvons venir vous r\u00e9cup\u00e9rer ensuite. Domaine de Regain est \u00e9quip\u00e9 d&rsquo;une borne de recharge rapide pour les v\u00e9hicules \u00e9lectriques. Cette borne est aliment\u00e9e par des panneaux photovolta\u00efques, s&rsquo;inscrivant ainsi dans notre d\u00e9marche&#8230; <\/p>\n<div class=\"clear\"><\/div>\n<p><a href=\"https:\/\/www.domainederegain.fr\/?page_id=400\" class=\"excerpt-read-more\">Continue Reading<i class=\"fa fa-long-arrow-right icon-long-arrow-right\"><\/i><\/a><\/p>\n","protected":false},"author":1,"featured_media":0,"parent":0,"menu_order":0,"comment_status":"closed","ping_status":"closed","template":"","meta":{"footnotes":""},"class_list":["post-400","page","type-page","status-publish","hentry"],"_links":{"self":[{"href":"https:\/\/www.domainederegain.fr\/index.php?rest_route=\/wp\/v2\/pages\/400","targetHints":{"allow":["GET"]}}],"collection":[{"href":"https:\/\/www.domainederegain.fr\/index.php?rest_route=\/wp\/v2\/pages"}],"about":[{"href":"https:\/\/www.domainederegain.fr\/index.php?rest_route=\/wp\/v2\/types\/page"}],"author":[{"embeddable":true,"href":"https:\/\/www.domainederegain.fr\/index.php?rest_route=\/wp\/v2\/users\/1"}],"replies":[{"embeddable":true,"href":"https:\/\/www.domainederegain.fr\/index.php?rest_route=%2Fwp%2Fv2%2Fcomments&post=400"}],"version-history":[{"count":7,"href":"https:\/\/www.domainederegain.fr\/index.php?rest_route=\/wp\/v2\/pages\/400\/revisions"}],"predecessor-version":[{"id":492,"href":"https:\/\/www.domainederegain.fr\/index.php?rest_route=\/wp\/v2\/pages\/400\/revisions\/492"}],"wp:attachment":[{"href":"https:\/\/www.domainederegain.fr\/index.php?rest_route=%2Fwp%2Fv2%2Fmedia&parent=400"}],"curies":[{"name":"wp","href":"https:\/\/api.w.org\/{rel}","templated":true}]}}